t the prime factors of 2 - -11 - (x - -4).
11
Suppose 3*g - 2*k = -5*k + 33, 0 = k + 5. Let h = g + -11. What are the prime factors of h?
5
Let n(d) = -d**2 + 2*d + 7. Let k be n(9). What are the prime factors of (k/(-16))/(2/4)?
7
Let w(b) = b**3 + b**2 + 3*b + 4. Let p be w(3). Suppose 16 = i - 3*j, -i + 5*i = -3*j + p. List the prime factors of i.
13
Let a(q) be the first derivative of -q**3/3 - 2*q**2 + q - 1. Let p be a(-3). Suppose -9 = -p*v + 3. What are the prime factors of v?
3
Suppose -2*n + c = -75, -5*n - 185 = -10*n + 3*c. Suppose -f - f + n = 0. Suppose 4*u - f = -4. List the prime factors of u.
2
What are the prime factors of ((-2)/(-3))/(1/90)?
2, 3, 5
Let l = -92 + 54. Let s = 17 - l. List the prime factors of s.
5, 11
Let u = 49 + -11. Suppose 2*m + 5*t + 4 = u, -2*m + 30 = 3*t. What are the prime factors of m?
2, 3
Let l(o) = -o**3 - 5*o**2 + 8*o + 6. Let d be l(-7). List the prime factors of (-6)/21 + d/21.
2
Let t be -1*2/(-6)*0. Suppose 5*z - 3 + 63 = t. Let f = z + 25. List the prime factors of f.
13
Suppose 4*w = 3*i + 28, 0 = 2*i + 2 + 6. Suppose 0 = -4*u + 2*h + 62, 5*u - w*h - 67 = -5*h. What are the prime factors of u?
2, 7
Let d(t) = -3*t + 1. Let l be d(1). Let x(g) = 4*g - g + 0*g**2 - 1 + 2 + 3*g**2. What are the prime factors of x(l)?
7
Let s be ((-168)/36)/((-2)/3). What are the prime factors of (-10)/35 + 282/s?
2, 5
Let q(h) = -h**2 + 41*h - 79. List the prime factors of q(24).
7, 47
Let n(x) = -2*x + 1. Let k be ((-18)/(-4))/((-3)/4). What are the prime factors of n(k)?
13
Let b = -2 + 8. Let f be 3/b*1*4. Suppose 3*u - f*y - 20 = 0, -4*y + 3*y - 1 = 0. List the prime factors of u.
2, 3
What are the prime factors of -3 - -3 - 1 - -26?
5
Suppose -4*q + 81 + 503 = 0. List the prime factors of q.
2, 73
Suppose -4*z + 309 = -199. List the prime factors of z.
127
Suppose 6 = y + 2*y. Let s be (-1 - -9)*y/4. Suppose s*z - 16 = 3*z. List the prime factors of z.
2
Suppose -3*d - 36 + 0 = -3*s, 4*d + 20 = 0. Let t(c) = c + 5. Let f be t(s). What are the prime factors of f*1*1/2?
2, 3
Suppose 0 = 2*b - 1 - 3, k + 2*b = 42. List the prime factors of k.
2, 19
Suppose -f = r - 9, 4*f - 2*r = -r + 31. List the prime factors of f.
2
List the prime factors of 2 - -1*(3 - -30).
5, 7
Suppose 3*m - 7 = g, 3*g - 3*m + m = 0. Suppose -g*c + 5*c + 3*t - 39 = 0, -c + 13 = -2*t. List the prime factors of c.
13
Let w = -223 - -434. What are the prime factors of w?
211
Let d be (8/10)/(12/150). List the prime factors of 4/(-10) + 184/d.
2, 3
Let q(v) = -3*v + 1. Let l be q(-3). Let h = -7 + l. What are the prime factors of h?
3
Let b be (-2)/9 - (-2)/9. Let w = -15 - -17. Suppose -4*i = -w*g + 18, 2*g + b*g - 2*i = 18. List the prime factors of g.
3
Let t be 14/4 - (-2)/(-4). Let f = t + 0. Suppose 6 = 3*u + 3*y, -f*y - y = 2*u - 2. What are the prime factors of u?
3
Suppose -6*j + 29 = -2*j - 3*c, 5*c = -3*j. Suppose a + x = 33, 25 = a - j*x - 38. What are the prime factors of a?
2, 19
Let z be 31 + -1 + (-12)/6. Suppose -4*u + 0*u + z = 0. What are the prime factors of u?
7
Let a be 174/(-21) - (-2)/7. Let i(c) = 2*c + 12. Let w(h) = -2*h - 13. Let o(l) = -7*i(l) - 6*w(l). List the prime factors of o(a).
2, 5
Let v be 24/10*(-80)/12. Let k = -10 - -4. Let b = k - v. What are the prime factors of b?
2, 5
Let b(d) = -8 + 9 - d + 10. Let k be b(6). Suppose -k*y + 14 + 1 = 0. List the prime factors of y.
3
Let o(i) = 2*i - 3. Let r be o(2). Let x(f) be the second derivative of f**4/4 + f**2/2 + 4*f. List the prime factors of x(r).
2
Let n be (-1 - -2) + -1 - -9. Let l(k) = -k**3 + 9*k**2 + 3*k - 9. What are the prime factors of l(n)?
2, 3
Suppose 0 = -3*x - 2 - 31. Let i(m) = m**2 + 11*m + 12. List the prime factors of i(x).
2, 3
Suppose f + 4*i = 14 + 3, 10 = 5*i. Let d be (3/f)/((-2)/(-18)). Suppose d*a = 6, 14 + 15 = 3*j - 2*a. What are the prime factors of j?
11
Let o(g) = -g**3 + 13*g**2 + g. Let l be (-6)/(-27) + 436/(-18). Let c = -11 - l. What are the prime factors of o(c)?
13
Suppose -5*x = i - 52, -5*x - 3*i = -0*i - 46. What are the prime factors of x?
11
Let t(j) = j**3 - 14*j**2 + 15*j - 13. List the prime factors of t(13).
13
Suppose 4*r + 0 + 48 = 0. Let q = 9 + r. Let d = q + 11. What are the prime factors of d?
2
Let d(g) = 2*g**2 - 4*g - 3. What are the prime factors of d(5)?
3
Let y = -50 - -93. What are the prime factors of y?
43
Suppose -m - 98 = -4*g, 5*g - 78 - 55 = -4*m. What are the prime factors of g?
5
Let q(r) = -4*r. Let f(v) = -11*v - 1. Let i(p) = -6*f(p) + 17*q(p). List the prime factors of i(-6).
2, 3
Let h(n) be the first derivative of n**2/2 + 33*n + 1. What are the prime factors of h(0)?
3, 11
Suppose -4*r - 108 = -3*w - 33, -4*r = 4*w - 128. What are the prime factors of w?
29
Let q(c) = -c. Let d be q(-2). List the prime factors of (-59)/(-4) + d/8.
3, 5
Suppose -170 = -5*g - 5*o, -2*o - 66 = -2*g - 5*o. List the prime factors of g.
2, 3
Let n(b) = 10*b**3 - b**2 - b + 1. Let o be (-10)/(-8) + (-3)/12. What are the prime factors of n(o)?
3
Let r(c) = -6*c - 3. Let l be r(-2). Let z = l + -5. Let f = 8 - z. What are the prime factors of f?
2
Let i = 6 + -5. Let p = 7 + i. What are the prime factors of p?
2
Let z(h) = -5*h**3 + h - 3. Let d be z(-2). Suppose 3*n - 40 = -115. Let j = d + n. List the prime factors of j.
2, 5
Suppose -5*c = 5*p - 585, -60 = -2*p + 2*c + 186. What are the prime factors of p?
2, 3, 5
Let w(j) = -3*j**3 + j. Let t be w(-1). Let l = t + 1. List the prime factors of ((-22)/8)/(l/(-12)).
11
Suppose -78 = -y + 3*r, y + 3*r - 63 = -15. What are the prime factors of y?
3, 7
Let x = -5 - 0. Let s = x - -11. What are the prime factors of (-40)/(-6)*s/4?
2, 5
Let g(n) = -2*n**3 - 30*n**2 - 2*n + 20. What are the prime factors of g(-15)?
2, 5
Suppose -2*o + 0*o - 2*i = -10, -5 = -5*o + 5*i. Suppose -2*x = -0*x + 4*n - 98, -3*n = o. Suppose -3*h + x + 12 = 0. What are the prime factors of h?
3, 7
List the prime factors of -133*(-5)/(-10)*-6.
3, 7, 19
Let c(s) = s**3 + 12*s**2 + 10*s + 7. List the prime factors of c(-10).
107
Let w = 28 - 14. What are the prime factors of w?
2, 7
List the prime factors of ((-14)/3)/(1/(-6)).
2, 7
Suppose -p + 3*m + 359 = 4*p, -4*m + 8 = 0. Suppose -5*v - 5*c = -75, -p = -7*v + 2*v - 4*c. List the prime factors of v.
13
Suppose -12 + 38 = 2*v. Let j = 23 - v. List the prime factors of j.
2, 5
Let l(r) = 6*r**2 - 10 - 3*r**2 - 2*r**2 + 0*r**2 - 3*r. List the prime factors of l(7).
2, 3
Let i = -22 - -44. Let f = i + 29. List the prime factors of f.
3, 17
Let x = -4 + 41. List the prime factors of x.
37
Suppose -5 = -3*w - 4*b + 38, 2*w = -b + 32. What are the prime factors of w?
17
Let p = 153 + 13. List the prime factors of p.
2, 83
What are the prime factors of (-154)/(-7) + (0 - 4)?
2, 3
Suppose 0*a = a - 2*t - 3, 0 = 5*a - 5*t - 35. What are the prime factors of a?
11
Suppose -9*s + 468 = -5*s. List the prime factors of s.
3, 13
Let q(a) = 2*a**2 - 6*a + 7 - 2*a**2 + a**2. Suppose 6*z = 5*z + 5. What are the prime factors of q(z)?
2
Let v(c) be the first derivative of -c**2/2 + 8*c - 2. Let z be 2/(-5) + (-32)/(-5). What are the prime factors of v(z)?
2
Suppose -2*r - 5*z = -35, 4*r + 4*z - 30 = 2*r. Suppose r*c - 14 - 6 = 0. Suppose -c*p + 7 = -3*p. List the prime factors of p.
7
Let j(w) = -6*w + 5 + 7 + 11*w**2 - 10*w**2 - 4. List the prime factors of j(6).
2
Let b = 432 + -35. What are the prime factors of b?
397
Let m = 38 + -22. What are the prime factors of m?
2
Suppose -4 = -4*c, a - 4*c + c = 93. List the prime factors of a.
2, 3
Suppose 3*g = 4*o - 12, 2*o = o. Let j(v) be the second derivative of -v**3/3 + 2*v**2 + v. List the prime factors of j(g).
2, 3
Let w = -5 + 26. Suppose 0 = -2*u - u + w. Suppose -2*j = -u*j + 50. List the prime factors of j.
2, 5
Let x(j) = 4*j**3 - 6*j**2 - 2*j + 3. Let p(k) = -11*k**3 + 19*k**2 + 5*k - 9. Let y(f) = -3*p(f) - 8*x(f). What are the prime factors of y(9)?
2, 3
Suppose -5*x - 2*q + 111 = 0, 5*x + 2*q - 109 = -q. List the prime factors of x.
23
What are the prime factors of 27/12 + (-6)/(-8)?
3
Let q = 22 + -15. Let s(l) = -l**2 + 7*l + 14. What are the prime factors of s(q)?
2, 7
Let x(q) = q**2 + 13*q - 9. Let d be x(-14). Suppose 135 = 5*f + 5*b, -d*f + 84 = -5*b - 1. List the prime factors